
Suppose 4*i - 493 = -761. Suppose 377 = -5*r - 123. Let f = i - r. Is f prime?
False
Let k(z) = 3*z - 3. Let f be k(2). Suppose -7*b + 188 = -f*b. Let o = 196 - b. Is o a composite number?
False
Is (-136514)/(-6) - (-596)/(-447) prime?
True
Is 4/16*2 + (-754515)/(-30) composite?
True
Let o(x) be the third derivative of 3*x**7/280 - x**6/180 - x**5/24 + x**4/8 + 8*x**2. Let m(n) be the second derivative of o(n). Is m(-4) prime?
True
Suppose 9*t - 128819 = 300814. Is t composite?
False
Let v be -1 - ((-6)/2 - -2). Let z(b) = -1 + b**2 + 8*b + 1 + v*b**2. Is z(-11) a composite number?
True
Let a(t) be the third derivative of t**7/120 + t**6/360 + t**5/10 + 5*t**4/24 + 9*t**2. Let p(n) be the second derivative of a(n). Is p(5) a composite number?
False
Let i(o) be the second derivative of o**3/3 + 3*o**2/2 - 8*o. Let m be i(15). Suppose k + k = -p + m, 2*k - 3*p = 21. Is k composite?
True
Suppose 5*x - u = -3*u - 105, -5*x + 3*u - 105 = 0. Let v = 25 + x. Suppose -8 = v*m, 2*m = 4*g - 2*m - 484. Is g a composite number?
True
Suppose 0 = -6*m + 3*m + 6. Suppose -s - m*s = 0. Suppose s*x + 3*x - 1101 = 0. Is x composite?
False
Suppose -7 = 3*w - 0*w - d, -3*d - 11 = -w. Let o(m) = 1 - 7*m - 2 - 8*m. Is o(w) a composite number?
False
Let y = -11 + 6. Let a(b) = 8*b**2 + 8*b + 6. Let t be a(y). Suppose -190 - t = -4*n. Is n composite?
False
Is (((-30)/(-5))/3)/(24/228372) prime?
True
Suppose 4*j + 2*s - 309 - 315 = 0, -4*s = 5*j - 786. Let v be (5 + 0)*252/20. Let k = j + v. Is k a composite number?
True
Suppose -4*o + 103505 = 5*g - 6*o, 5*g = -2*o + 103505. Is g prime?
False
Let g(x) = 6*x**2 - x - 8. Let a be g(-7). Suppose 0 = -8*b + 10*b + 254. Let d = b + a. Is d a prime number?
False
Let r = -164 - -249. Suppose -5*l - 4*u = -0*u - 49, -5*l = -5*u - r. Suppose 0*y + l = y. Is y a prime number?
True
Suppose -23*s + 133215 = -8*s. Is s prime?
False
Let g = 1023 + 1140. Suppose -4*p - 1427 = -3*y + g, -2*p = -2*y + 2392. Let q = -821 + y. Is q a composite number?
False
Suppose -l - 4*l + 4*r + 17 = 0, 3*r - 16 = -2*l. Suppose -l*t + 1592 = -3*t - 2*g, -g = 2. Is t composite?
True
Let t = -6632 + 10315. Is t composite?
True
Suppose -3*h - 3*k = -0*h - 21, 3*h + k = 13. Suppose 2*x - 6 = -0*s - 2*s, h*x - 9 = 5*s. Suppose s*t = 4*t - 892. Is t a prime number?
True
Suppose -3*x + 3016 = -1901. Is x a prime number?
False
Suppose 0 = -k - 2*m - 225 + 754, 0 = 4*m - 20. Is k prime?
False
Let s = -197 + 208. Is s composite?
False
Suppose -3*o + 5*o = 6. Suppose 131 + 169 = -o*a. Is -1 - a - (4 - 0) prime?
False
Let v be (-4)/(-20) - 27/(-15). Suppose 2*n - 964 = -v*n. Let w = n - 80. Is w composite?
True
Is (2 - 1803)*(-3 - -4)*-1 a composite number?
False
Suppose -4*y - 3 = -o, -4*y - 4 = 3*o + 3. Let l(s) = -348*s - 1. Is l(o) a composite number?
False
Suppose 6 = -5*y - 4, 4*c + 5*y = -122. Let w be 2/(-7) + (-136060)/c. Suppose -5*q = 3*r - 3556, 0 = -4*q + 2*r + w - 2001. Is q composite?
True
Suppose 0*i = -i + 5*n - 13, 3*i = -n + 9. Suppose -3*f + i*d + 2599 = d, 4*f - 3*d - 3472 = 0. Is f prime?
False
Let g = -30 + 41. Suppose -y = g*y - 1932. Is y prime?
False
Suppose 3*u - 2*u - 5585 = 0. Is u composite?
True
Suppose -4*y + 2*l = -3*y - 48733, -4*l = 5*y - 243651. Is y a composite number?
False
Suppose -y + 0 = -5, -2 = 4*z - 2*y. Suppose p - 4*p - 3 = 0, 3*p = -z*k + 1723. Is k a prime number?
True
Let r(q) = -2*q**2 - 3*q**2 + 4*q**2 - 6*q**2 + 4 + q**3. Let v be r(7). Is v/(-16) + (-4023)/(-12) a prime number?
False
Let v be ((-104)/10)/(10/(-125)). Is 20/v + 2741/13 a composite number?
False
Suppose 8*r = -0*r + 24. Is (-3)/r + 0/3 + 78 a prime number?
False
Is (-364772)/(-36) - (8 + (-380)/45) composite?
False
Let z(k) = -k**3 - 11*k**2 + 8*k + 6. Let q be z(-16). Let x = q - 269. Is x composite?
True
Suppose 184*p - 174*p - 257350 = 0. Is p a prime number?
False
Suppose 4*z = -r + 28483, -4*r + 8*r - 28480 = -4*z. Is z a prime number?
True
Let h be 4 + 0/(-3 - -5). Let i(c) = 6*c**3 - 5*c**2 + 2*c + 5. Is i(h) a composite number?
False
Let k be (-6)/14 - (-10)/7. Is k/(-4) + (-10260)/(-16) composite?
False
Let k = -2951 - -6544. Is k a prime number?
True
Suppose r - 2*r = -2. Let m = r - 2. Is m/1 - (-15 + -664) prime?
False
Suppose -37282 = -13*a + 11299. Is a prime?
False
Let d = 2 + 0. Suppose -5*g + 122 = -3*u - 148, -5*u = d*g + 419. Let s = u - -164. Is s a composite number?
False
Suppose -4*q - 2*q = -135078. Is q composite?
True
Let n(b) be the first derivative of 17*b**3/3 - 4*b**2 + 6*b + 6. Let p be n(4). Let o = -172 + p. Is o prime?
False
Suppose 5*h = x + 529, 4*h - 6*x + 8*x = 426. Is h prime?
False
Let k = -980 - -2265. Is k prime?
False
Let k(h) = -17*h**2 + 14*h - 3. Let s(x) = 6*x**2 - 5*x + 1. Let t(i) = -3*k(i) - 8*s(i). Let r be (2/8)/(2/8). Is t(r) a composite number?
False
Let k = -1436 - -5467. Is k a prime number?
False
Let v(w) = -w**2 - w + 2*w + 2 - 2*w. Let q be v(0). Suppose -o = -q*m + 946, 0*o - 473 = -m + 4*o. Is m a prime number?
False
Suppose 0 = 4*z + 2*i - 20, 3*i + 2 = 5*z - 12. Let x(d) = d**2 - 4*d + 2. Let w be x(z). Suppose 5*o = 4*o + w. Is o a composite number?
False
Let c be (4 - 5)*(-364)/(-1). Let u = 541 + c. Suppose 0 = -4*l - u + 485. Is l composite?
True
Let z(o) = 1140*o + 467. Is z(6) a prime number?
True
Let p be 46 - -2 - (7 - 4)/3. Suppose -4*x + 1 = 5, -5*l - 3*x + p = 0. Is l composite?
True
Let s(g) = 181*g - 27. Let q be s(20). Suppose -38*c + 37*c = -q. Is c prime?
True
Let t(q) be the first derivative of -6 + 1/4*q**4 + 3*q + 1/2*q**2 + 3*q**3. Is t(-4) a prime number?
True
Let n(k) = 257*k - 3. Let m(v) = v**2 + 4*v - 11. Let j be m(-6). Is n(j) a prime number?
False
Suppose -1510 = 4*h + 4806. Is (h*7/14)/(2/(-4)) prime?
True
Let i(p) = 3*p**2 - 24*p - 3. Let d be i(8). Is (-967)/(-1)*3*(-1)/d a prime number?
True
Let x(t) be the second derivative of t**4/6 - 4*t**3/3 - 11*t**2/2 - 4*t. Suppose 3*z = -0*z + 27. Is x(z) prime?
True
Let b(k) = -1073*k + 15. Let m(u) = -358*u + 5. Let p(y) = -6*b(y) + 17*m(y). Is p(1) a prime number?
True
Suppose 0*i = i + 4*s + 13, -s = -3*i + 13. Suppose 2*x = 2*h + 2770, -i*x + 1310 = -2*h - 2841. Is x composite?
False
Let u = 10879 - 7588. Is u a prime number?
False
Suppose -3*g + 9 = 0, 6*g = -2*z + g + 14129. Is z a composite number?
False
Let r(o) = 112*o**2 + 4*o - 3. Let l = -1 - -2. Is r(l) a composite number?
False
Suppose z - a + 678 = 0, 3*z + 94 = 5*a - 1948. Suppose 3*g + 51 = 15. Is 0 - g/4 - z a composite number?
False
Let o be 25/3*(-12 + 3). Let s = o + 314. Suppose 0 = y - 4*c - s, y - 3*c - 248 = -13. Is y a prime number?
True
Is 15312/42 - 9/(-21) composite?
True
Let z(a) = -288*a**3 + 15*a**2 + 22*a + 26. Is z(-7) prime?
True
Let t(g) = 4*g**3 - 5*g + 22. Let x = 9 + -4. Is t(x) prime?
False
Let y(t) = 3*t**2 - 2*t - 7. Let s be y(-4). Suppose -3*p - s = 2. Let r(v) = -7*v + 2. Is r(p) prime?
False
Suppose -4*y + 2*f = -24186, y = 5*f - 10*f + 6052. Is y a composite number?
False
Suppose 4*d = -201 + 389. Is d a prime number?
True
Let h be (-3)/9*(2*-1 - 1). Is (-1265)/(-5) + (h + -6 - -3) a prime number?
True
Let h = 8761 - 3425. Suppose -3*y - x + h = -2*x, 3*y - 2*x - 5341 = 0. Is y composite?
False
Suppose 2*o = 6*q - 7*q + 1286, -3*o = -4*q - 1907. Is o prime?
True
Let f(s) = 18*s**2 - 12*s - 73. Is f(21) a composite number?
True
Suppose 96146 = 2*d - 3*z, 63444 = 4*d + z - 128848. Is d a prime number?
True
Let u(x) = -x**3 - 20*x**2 + 23*x + 43. Let g be u(-21). Let l(z) = 557*z**2 - z + 1. Is l(g) a prime number?
True
Let m(p) = p**3 - 11*p**2 - 12*p + 2. Let w be m(12). Let n be 0/((-2 - -5)/(-3)). Suppose w*t = -5*b + 6*t + 1539, 4*b + 4*t - 1224 = n. Is b prime?
True
Suppose -s + 11 = -4*u, 0 = s + 4*s - 4*u - 23. Suppose -s = -3*v + 3. Suppose -3*a = -v*a + 1, -a + 272 = 3*w. Is w a prime number?
False
Suppose -2*o = 3*o - 4045. Is o prime?
True
Suppose 2*w = -3*i + 134968, -2*w - 62721 - 162215 = -5*i. Suppose 13*a - a - i = 0. Is a prime?
False
Let s be 2190*(-2 + (-48)/(-15)). Suppose 0 = 3*i - s + 651. Is i a prime number?
True
Let j be (33*3)/(-8 + 7). Let y be 3 - 6 - 310/(-2). Let u = j + y. Is u a prime number?
True
Let c = -4712 + 10855. Is c a prime number?
True
Let c = 14 - 10. Suppose c*l - 5*